the hundreds digit of 943550?
5
What is the hundred thousands digit of 17926908?
9
What is the units digit of 858385?
5
What is the millions digit of 1119188?
1
What is the ten thousands digit of 268085?
6
What is the hundred thousands digit of 955549?
9
What is the units digit of 1523204?
4
What is the thousands digit of 1183299?
3
What is the hundreds digit of 25995457?
4
What is the ten thousands digit of 580585?
8
What is the thousands digit of 262337?
2
What is the hundred thousands digit of 110584?
1
What is the thousands digit of 79976?
9
What is the hundreds digit of 1210304?
3
What is the hundred thousands digit of 872457?
8
What is the hundreds digit of 579978?
9
What is the tens digit of 7182555?
5
What is the ten thousands digit of 79731?
7
What is the ten thousands digit of 1997611?
9
What is the hundreds digit of 475408?
4
What is the units digit of 165154?
4
What is the ten thousands digit of 338418?
3
What is the thousands digit of 10662223?
2
What is the hundred thousands digit of 246946?
2
What is the hundreds digit of 19985389?
3
What is the ten thousands digit of 3602234?
0
What is the hundred thousands digit of 4088352?
0
What is the units digit of 1616951?
1
What is the thousands digit of 1825438?
5
What is the units digit of 154198?
8
What is the tens digit of 3382791?
9
What is the units digit of 2757245?
5
What is the units digit of 2925873?
3
What is the ten millions digit of 29664756?
2
What is the tens digit of 4229473?
7
What is the ten thousands digit of 1318296?
1
What is the millions digit of 1840674?
1
What is the hundreds digit of 261527?
5
What is the tens digit of 19003006?
0
What is the tens digit of 70468?
6
What is the thousands digit of 1419244?
9
What is the thousands digit of 19523244?
3
What is the ten thousands digit of 71200?
7
What is the millions digit of 1024222?
1
What is the tens digit of 15367846?
4
What is the hundreds digit of 776920?
9
What is the ten thousands digit of 15282501?
8
What is the millions digit of 6185449?
6
What is the hundreds digit of 581356?
3
What is the millions digit of 1987501?
1
What is the thousands digit of 299198?
9
What is the units digit of 492291?
1
What is the thousands digit of 36064045?
4
What is the hundreds digit of 77545?
5
What is the units digit of 572521?
1
What is the thousands digit of 4193826?
3
What is the ten thousands digit of 10986672?
8
What is the ten millions digit of 11680129?
1
What is the millions digit of 2100521?
2
What is the millions digit of 2910981?
2
What is the hundreds digit of 331302?
3
What is the tens digit of 222811?
1
What is the thousands digit of 223415?
3
What is the hundred thousands digit of 468812?
4
What is the hundreds digit of 1863563?
5
What is the tens digit of 1012567?
6
What is the tens digit of 651279?
7
What is the millions digit of 8849508?
8
What is the hundred thousands digit of 16720620?
7
What is the hundreds digit of 78749?
7
What is the tens digit of 12711506?
0
What is the hundreds digit of 578971?
9
What is the units digit of 258670?
0
What is the hundreds digit of 58476?
4
What is the hundred thousands digit of 14115788?
1
What is the hundred thousands digit of 125677?
1
What is the hundred thousands digit of 158034?
1
What is the millions digit of 1009016?
1
What is the tens digit of 7483130?
3
What is the hundred thousands digit of 1252161?
2
What is the tens digit of 12728024?
2
What is the units digit of 1470654?
4
What is the hundreds digit of 13997413?
4
What is the hundred thousands digit of 243873?
2
What is the units digit of 140984?
4
What is the thousands digit of 1099812?
9
What is the tens digit of 826756?
5
What is the hundred thousands digit of 234052?
2
What is the tens digit of 210902?
0
What is the tens digit of 276124?
2
What is the hundreds digit of 15281882?
8
What is the tens digit of 67135?
3
What is the hundreds digit of 4849688?
6
What is the ten thousands digit of 2318066?
1
What is the hundreds digit of 496881?
8
What is the tens digit of 1036953?
5
What is the ten thousands digit of 15402929?
0
What is the thousands digit of 14046795?
6
What is the units digit of 22253171?
1
What is the ten thousands digit of 2129194?
2
What is the units digit of 312298?
8
What is the tens digit of 2076242?
4
What is the millions digit of 7788402?
7
What is the units digit of 225045?
5
What is the ten thousands digit of 220808?
2
What is the units digit of 10575378?
8
What is the hundred thousands digit of 868812?
8
What is the thousands digit of 1774323?
4
What is the units digit of 9272678?
8
What is the hundred thousands digit of 877400?
8
What is the hundred thousands digit of 238182?
2
What is the units digit of 527283?
3
What is the thousands digit of 8215614?
5
What is the hundred thousands digit of 34337650?
3
What is the thousands digit of 877452?
7
What is the units digit of 36327?
7
What is the hundred thousands digit of 491314?
4
What is the thousands digit of 42706?
2
What is the tens digit of 304324?
2
What is the ten thousands digit of 72051?
7
What is the units digit of 366076?
6
What is the hundred thousands digit of 701047?
7
What is the tens digit of 62914?
1
What is the ten thousands digit of 144681?
4
What is the hundred thousands digit of 705571?
7
What is the units digit of 828251?
1
What is the tens digit of 123319?
1
What is the millions digit of 11869820?
1
What is the thousands digit of 2320655?
0
What is the hundreds digit of 36653457?
4
What is the units digit of 333932?
2
What is the ten thousands digit of 15042532?
4
What is the thousands digit of 270113?
0
What is the hundreds digit of 1892518?
5
What is the ten thousands digit of 21227563?
2
What is the thousands digit of 16421?
6
What is the hundred thousands digit of 9269928?
2
What is the units digit of 441013?
3
What is the ten thousands digit of 821934?
2
What is the thousands digit of 28549?
8
What is the hundreds digit of 729045?
0
What is the tens digit of 190224?
2
What is the hundreds digit of 1349955?
9
What is the hundreds digit of 379100?
1
What is the thousands digit of 1477485?
7
What is the hundred thousands digit of 1238251?
2
What is the thousands digit of 151294?
1
What is the units digit of 15044071?
1
What is the units digit of 96264?
4
What is the units digit of 36893203?
3
What is the thousands digit of 3743801?
3
What is the ten thousands digit of 25243126?
4
What is the ten thousands digit of 9663531?
6
What is the hundred thousands digit of 443626?
4
What is the units digit of 3269850?
0
What is the tens digit of 906314?
1
What is the ten thousands digit of 4590846?
9
What is the hundreds digit of 436098?
0
What is the thousands digit of 22988342?
8
What is the ten thousands digit of 143858?
4
What is the thousands digit of 5415468?
5
What is the hundred thousands digit of 3472613?
4
What is the millions digit of 19213841?
9
What is the hundreds digit of 530045?
0
What is the thousands digit of 60204?
0
What is the hundreds digit of 130034?
0
What is the tens digit of 1671538?
3
What is the units digit of 168151?
1
What is the tens digit of 1091504?
0
What is the ten thousands digit of 31182?
3
What is the tens digit of 18203551?
5
What is the tens digit of 7569112?
1
What is the tens digit of 4323974?
7
What is the ten thousands digit of 635263?
3
What is the thousands digit of 443090?
3
What is the hundreds digit of 12995091?
0
What is the millions digit of 2115586?
2
What is the ten thousands digit of 6930347?
3
What is the ten thousands digit of 19856514?
5
What is the hundreds digit of 4555850?
8
What is the ten thousands digit of 2131302?
3
What is the millions digit of 28490168?
8
What is the ten thousands digit of 7662171?
6
What is the thousands digit of 57469?
7
What is the hundreds digit of 69374?
3
What is the units digit of 331190?
0
What is the millions digit of 5977784?
5
What is the tens digit of 189319?
1
What is the tens digit of 1648384?
8
What is the units digit of 23444153?
3
What is the tens digit of 3578430?
3
What is the ten thousands digit of 5228952?
2
What is the thousands digit of 205566?
5
What is the tens digit of 4100352?
5
What is the tens digit of 504138?
3
What is the units digit of 3882925?
5
What is the hundred thousands digit of 907817?
9
Wha